z**2 + 414*z + 9778. Give l(-181).
366
Let w(i) = -i**3 - 38*i**2 + 359*i - 452. What is w(-46)?
-38
Let z(d) = -15430*d**2 - 1743589*d + 95. Determine z(-113).
-18
Let q(z) = -1892*z + 234496. Give q(124).
-112
Let z(m) = m**3 - 36*m**2 - 2010*m + 73437. What is z(38)?
-55
Let l(u) = 803*u + 61033. Calculate l(-76).
5
Let w(g) = 6953*g + 2802076. Calculate w(-403).
17
Let d(p) = 4167*p - 54120. What is d(13)?
51
Let c(u) = -2*u**3 - 4*u**2 + 7152*u - 11141. What is c(58)?
-5
Let b(n) = -8*n**2 + 45017*n - 224887. Give b(5).
-2
Let j(l) = -5359*l - 3981740. Give j(-743).
-3
Let v(r) = 193*r - 1831. What is v(15)?
1064
Let s(p) = -653*p**3 - 54*p**2 + 16*p - 19. Calculate s(1).
-710
Let d(a) = -129872*a - 389743. Determine d(-3).
-127
Let a(p) = -p**2 + 2533*p + 2095844. Determine a(-657).
14
Let v(m) = 901*m**2 + 79279*m - 788. Calculate v(-88).
4
Let y(g) = -g**3 - 50*g**2 + 90*g - 1252. What is y(-52)?
-524
Let d(j) = 10321*j - 41563. Calculate d(4).
-279
Let h(u) = -37497*u + 337558. Determine h(9).
85
Let l(q) = 23220*q - 5758547. What is l(248)?
13
Let a(p) = -3*p**3 + 44*p**2 - 134*p + 6. What is a(3)?
-81
Let d(a) = 61*a + 278. What is d(16)?
1254
Let i(a) = -8*a**3 + 92*a**2 - 84*a + 150. Calculate i(11).
-290
Let v(i) = i**3 - 93*i**2 + 247*i + 2201. Calculate v(90).
131
Let w(q) = -26*q**3 - 9*q**2 - 2*q - 10. What is w(-1)?
9
Let s(r) = 6*r**2 - 2849*r - 14332. What is s(-5)?
63
Let w(p) = 2334*p + 27983. Calculate w(-12).
-25
Let w(v) = v**3 + 74*v**2 + 1318*v + 254. Give w(-28).
-586
Let h(z) = -z**3 + 410*z**2 + 409*z + 2222. Give h(411).
1400
Let b(w) = -122*w**2 + 2656*w - 4355. What is b(20)?
-35
Let r(y) = y**3 - 160*y**2 - 626*y + 1004. Determine r(164).
5924
Let v(j) = 94297*j + 5940705. Determine v(-63).
-6
Let p(m) = -2*m**3 + 11*m**2 - 20*m + 17. What is p(4)?
-15
Let o(p) = 46*p**2 + 3544*p + 93. Calculate o(-77).
-61
Let m(k) = 10250*k + 92486. What is m(-9)?
236
Let r(l) = -l**2 + 38225*l + 3640402. What is r(-95)?
2
Let h(x) = x**2 - 169*x + 2955. Calculate h(169).
2955
Let t(u) = 25144*u + 7442629. What is t(-296)?
5
Let w(o) = -o**2 + 3183*o - 2178280. What is w(996)?
-28
Let w(b) = 6*b**2 - 543*b + 3092. What is w(85)?
287
Let k(t) = -9249*t - 305293. Calculate k(-33).
-76
Let c(m) = -m**2 - 173*m - 5957. Determine c(-45).
-197
Let i(g) = g**2 - 2866*g - 28812. Give i(-10).
-52
Let c(h) = 779*h - 19443. Give c(25).
32
Let a(r) = -5*r**3 + 6*r**2 + 1596*r - 1601. Calculate a(1).
-4
Let w(h) = 44*h**2 + 5971*h - 1697. Determine w(-136).
71
Let q(i) = i**2 - 204*i + 4179. What is q(182)?
175
Let i(v) = 6*v**2 - 12214*v + 73078. Give i(6).
10
Let m(x) = -x**3 + 102*x**2 - 2020*x - 5. Determine m(27).
130
Let s(m) = -63*m - 4927. Give s(-70).
-517
Let o(f) = 21*f**3 + 115*f**2 - 390*f + 28. Give o(-10).
-5572
Let h(l) = 5*l**2 - 2888*l + 8658. What is h(3)?
39
Let q(d) = d**3 + 10*d**2 - 595*d - 7631. Calculate q(-21).
13
Let z(n) = 454*n + 5418. Determine z(-12).
-30
Let j(x) = -x**3 - 10*x**2 + 277*x + 69. Determine j(-23).
575
Let u(k) = 8*k**2 + 81*k + 198. Determine u(-7).
23
Let f(s) = -9798*s + 656631. Give f(67).
165
Let b(i) = 477*i**3 - 1907*i**2 - 39*i + 21. Calculate b(4).
-119
Let x(j) = 27*j**2 + 591*j - 508. What is x(-23)?
182
Let w(u) = -1531*u - 74911. Give w(-49).
108
Let i(p) = 75*p + 639. Determine i(-12).
-261
Let z(o) = o**3 + 150*o**2 + 3116*o - 759. Give z(-125).
366
Let c(p) = -11*p**2 - 1576*p + 929. Give c(-144).
-223
Let m(n) = -398*n + 35022. Determine m(88).
-2
Let y(b) = b**3 + 12*b**2 + 20*b + 43. Give y(-8).
139
Let m(g) = g**3 - 17*g**2 + 2844*g - 33413. What is m(12)?
-5
Let v(z) = z**3 + 22*z**2 + 107*z - 50. Calculate v(-10).
80
Let q(w) = -498*w - 56489. What is q(-113)?
-215
Let s(y) = -84240*y - 3285379. Calculate s(-39).
-19
Let w(s) = -3678*s - 1195361. What is w(-325)?
-11
Let i(t) = 2*t**3 - 1604*t**2 + 1235*t + 293978. Determine i(801).
11
Let j(o) = o**3 + 143*o**2 + 11*o + 1188. What is j(-143)?
-385
Let a(b) = 6*b**3 - 212*b**2 + 84*b + 151. What is a(35)?
641
Let f(s) = -s**3 - 10*s**2 - 161*s - 969. What is f(-6)?
-147
Let j(u) = -22*u**2 - 753*u - 164. Calculate j(-34).
6
Let q(u) = 355*u**2 - 218*u + 334. What is q(2)?
1318
Let v(n) = 2186917*n - 4373833. What is v(2)?
1
Let v(m) = -463*m - 55309. What is v(-120)?
251
Let o(h) = 2165*h + 476327. Calculate o(-220).
27
Let m(x) = 2*x**3 - 317*x**2 + 1087*x + 111. Give m(155).
421
Let k(q) = 24*q - 7094. What is k(285)?
-254
Let l(a) = -2*a**2 - 8451*a + 195443. Give l(23).
12
Let m(z) = -407*z - 6515. Determine m(-14).
-817
Let x(f) = -16*f**2 - 181*f + 2994. What is x(10)?
-416
Let c(b) = -b**2 - 156*b + 9835. Determine c(47).
294
Let r(z) = -28988*z + 86913. What is r(3)?
-51
Let z(v) = v**2 + 17*v - 6942. Give z(78).
468
Let n(m) = 90*m + 85. Determine n(1).
175
Let y(q) = q**2 + 62657*q + 1440584. Calculate y(-23).
2
Let f(l) = 2*l**2 + 1587*l - 61889. Give f(37).
-432
Let t(p) = -p**2 - 6267*p + 138384. Determine t(22).
26
Let u(m) = -m**2 + 708817*m + 4961741. What is u(-7)?
-27
Let n(d) = -2*d**3 - 222*d**2 - 4067*d - 18912. What is n(-14)?
2
Let b(x) = x**3 + 97*x**2 + 484*x + 46903. Determine b(-97).
-45
Let l(w) = 8*w**2 - 210*w + 186. Calculate l(22).
-562
Let n(w) = -2*w**2 + 37306*w - 447483. Give n(12).
-99
Let u(q) = -65947*q - 659555. Calculate u(-10).
-85
Let c(v) = -v**2 + 77*v - 2002. Calculate c(63).
-1120
Let f(c) = c**2 - 132*c + 1319. Calculate f(117).
-436
Let c(v) = -1604*v - 7569. Give c(-5).
451
Let g(c) = -5*c**2 + 1092*c - 52322. Determine g(71).
5
Let f(c) = c**3 - 49*c**2 + 458*c + 19. Calculate f(36).
-341
Let z(b) = b**2 - 2658*b - 124402. What is z(-46)?
-18
Let h(f) = 3*f**2 - 69*f + 36. What is h(27)?
360
Let l(o) = 8436*o - 33804. Determine l(4).
-60
Let a(g) = g**3 - 116*g**2 + 1425*g + 303. Give a(102).
-3
Let s(c) = c**3 - 8*c**2 - 346*c + 2788. Calculate s(8).
20
Let q(m) = 3*m**3 - 31*m**2 + 25*m - 115. Give q(10).
35
Let k(o) = 2*o**2 - 43*o - 122. Calculate k(22).
-100
Let l(b) = -2*b**3 + 145*b**2 + 23*b - 3698. What is l(5)?
-208
Let g(o) = o**3 + 22*o**2 + 70*o + 439. Determine g(-19).
192
Let y(a) = 14*a**2 - 2531*a + 14682. Determine y(6).
0
Let l(d) = -51*d**2 - 318*d + 4. What is l(-5)?
319
Let a(y) = -y**3 + 213*y**2 - 10400*y - 1597. Give a(137).
47
Let d(a) = 3*a**3 + 120*a**2 - 31*a - 1080. Calculate d(-40).
160
Let p(a) = -a**3 - 102*a**2 - 170*a - 17009. Determine p(-102).
331
Let u(t) = -25*t**2 - 1055*t - 3829. Calculate u(-4).
-9
Let a(k) = 16*k**3 + 1166*k**2 - 153*k - 383. Calculate a(-73).
128
Let k(i) = 51*i**2 + 349*i - 24. Give k(-7).
32
Let u(b) = -1104*b - 18185. Give u(-14).
-2729
Let q(p) = 2931*p - 310649. Give q(106).
37
Let h(q) = -305627*q + 4278798. Give h(14).
20
Let a(z) = -8015*z + 809542. Give a(101).
27
Let g(m) = 2*m**3 + 3521*m**2 + 980970*m + 399. Calculate g(-347).
52
Let r(f) = f**3 + 16*f**2 + 17*f - 304. Calculate r(11).
3150
Let l(p) = 23*p**3 - 32*p**2 - 17*p - 36. Calculate l(-2).
-314
Let p(v) = 2159*v**2 - 12959*v + 30. Give p(6).
0
Let f(y) = 17*y**2 + 153*y + 79. Calculate f(-8).
-57
Let i(l) = 694*l - 292868. Calculate i(422).
0
Let n(f) = 754*f**2 + 126*f - 4. Calculate n(1).
876
Let f(a) = 137*a**2 - 5482*a + 90. Determine f(40).
10
Let b(m) = -m**3 + 69*m**2 + 383*m - 4051. What is b(-10)?
19
Let p(g) = -g**3 - 8980*g**2 - 53796*g + 346. Give p(-6).
58
Let t(b) = -10*b**3 - 981*b**2 + 69*b + 16380. Give t(-98).
14
Let n(y) = 177477*y - 1952191. Give n(11).
56
Let j(f) = -12*f**3 + 302*f**2 - 50*f - 9. Determine j(25).
-9
Let h(b) = -113238*b + 226462. Determine h(2).
-14
Let b(j) = 2*j**2 + 1694*j + 175692. Determine b(-726).
0
Let o(m) = 8911*m + 784192. Determine o(-88).
24
Let i(x) = x**3 + 74*x**2 + 797*x + 287. Give i(-61).
43
Let s(n) = 662*n + 13. Give s(0).
13
Let u(c) = -77*c**2 + 1937*c - 445. What is u(24)?
1691
Let r(h) = 5*h**2 - 18*h - 1559. What is r(-16)?
9
Let v(d) = 36676*d - 1063588. Determine v(29).
16
Let u(h) = -h**3 - 26*h**2 + 15709*h - 174. What is u(-139)?
-452
Let z(o) = o**2 + 44*o + 409. What is z(-13)?
6
Let y(p) = 538*p**3 - 2*p**2 + 8*p + 11. Calculate y(-1).
-537
Let q(p) = 284*p - 10391. Calculate q(36).
-167
Let p(r) = 357*r + 7426. What is p(-35)?
-5069
Let y(z) = -77*z**2 + 26255*z